Last updated on 2019-04-13 01:58:16 CEST.
Flavor | Version | Tinstall | Tcheck | Ttotal | Status | Flags |
---|---|---|---|---|---|---|
r-devel-linux-x86_64-debian-clang | 0.4.0 | 5.31 | 41.55 | 46.86 | OK | |
r-devel-linux-x86_64-debian-gcc | 0.4.0 | 4.73 | 32.88 | 37.61 | OK | |
r-devel-linux-x86_64-fedora-clang | 0.4.0 | 38.02 | NOTE | |||
r-devel-linux-x86_64-fedora-gcc | 0.4.0 | 34.76 | NOTE | |||
r-devel-windows-ix86+x86_64 | 0.4.0 | 13.00 | 62.00 | 75.00 | OK | |
r-patched-linux-x86_64 | 0.4.0 | 5.12 | 40.62 | 45.74 | OK | |
r-patched-solaris-x86 | 0.4.0 | 109.10 | NOTE | |||
r-release-linux-x86_64 | 0.4.0 | 4.66 | 40.00 | 44.66 | OK | |
r-release-windows-ix86+x86_64 | 0.4.0 | 11.00 | 97.00 | 108.00 | OK | |
r-release-osx-x86_64 | 0.4.0 | NOTE | ||||
r-oldrel-windows-ix86+x86_64 | 0.4.0 | 7.00 | 84.00 | 91.00 | OK | |
r-oldrel-osx-x86_64 | 0.4.0 | NOTE |
Version: 0.4.0
Check: data for non-ASCII characters
Result: NOTE
Note: found 12717 marked UTF-8 strings
Flavors: r-devel-linux-x86_64-fedora-clang, r-devel-linux-x86_64-fedora-gcc, r-patched-solaris-x86, r-release-osx-x86_64, r-oldrel-osx-x86_64