Last updated on 2019-04-13 01:58:16 CEST.
Flavor | Version | Tinstall | Tcheck | Ttotal | Status | Flags |
---|---|---|---|---|---|---|
r-devel-linux-x86_64-debian-clang | 0.0.1 | 2.32 | 28.65 | 30.97 | OK | |
r-devel-linux-x86_64-debian-gcc | 0.0.1 | 1.90 | 22.13 | 24.03 | OK | |
r-devel-linux-x86_64-fedora-clang | 0.0.1 | 34.92 | OK | |||
r-devel-linux-x86_64-fedora-gcc | 0.0.1 | 37.29 | OK | |||
r-devel-windows-ix86+x86_64 | 0.0.1 | 6.00 | 47.00 | 53.00 | OK | |
r-patched-linux-x86_64 | 0.0.1 | 2.19 | 28.06 | 30.25 | OK | |
r-patched-solaris-x86 | 0.0.1 | 49.50 | OK | |||
r-release-linux-x86_64 | 0.0.1 | 1.65 | 26.70 | 28.35 | OK | |
r-release-windows-ix86+x86_64 | 0.0.1 | 6.00 | 33.00 | 39.00 | OK | |
r-release-osx-x86_64 | 0.0.1 | ERROR | ||||
r-oldrel-windows-ix86+x86_64 | 0.0.1 | 2.00 | 57.00 | 59.00 | OK | |
r-oldrel-osx-x86_64 | 0.0.1 | ERROR |
Version: 0.0.1
Check: package dependencies
Result: ERROR
Package required but not available: ‘tweeDEseq’
See section ‘The DESCRIPTION file’ in the ‘Writing R Extensions’
manual.
Flavors: r-release-osx-x86_64, r-oldrel-osx-x86_64