CRAN Package Check Results for Package ptstem

Last updated on 2019-04-13 01:58:16 CEST.

Flavor Version Tinstall Tcheck Ttotal Status Flags
r-devel-linux-x86_64-debian-clang 0.0.4 2.01 59.08 61.09 ERROR
r-devel-linux-x86_64-debian-gcc 0.0.4 1.91 46.65 48.56 OK
r-devel-linux-x86_64-fedora-clang 0.0.4 69.11 NOTE
r-devel-linux-x86_64-fedora-gcc 0.0.4 73.83 OK
r-devel-windows-ix86+x86_64 0.0.4 7.00 91.00 98.00 NOTE
r-patched-linux-x86_64 0.0.4 2.46 58.29 60.75 OK
r-patched-solaris-x86 0.0.4 104.20 NOTE
r-release-linux-x86_64 0.0.4 1.70 59.66 61.36 OK
r-release-windows-ix86+x86_64 0.0.4 8.00 103.00 111.00 NOTE
r-release-osx-x86_64 0.0.4 NOTE
r-oldrel-windows-ix86+x86_64 0.0.4 4.00 100.00 104.00 NOTE
r-oldrel-osx-x86_64 0.0.4 NOTE

Check Details

Version: 0.0.4
Check: examples
Result: ERROR
    Running examples in 'ptstem-Ex.R' failed
    The error most likely occurred in:
    
    > base::assign(".ptime", proc.time(), pos = "CheckExEnv")
    > ### Name: ptstem_words
    > ### Title: Stem Words
    > ### Aliases: ptstem ptstem_words
    >
    > ### ** Examples
    >
    > words <- c("balões", "aviões", "avião", "gostou", "gosto", "gostaram")
    > ptstem_words(words, "hunspell")
    [1] "balões" "aviões" "aviões" "gostou" "gostou" "gostou"
    > ptstem_words(words)
    Warning in stri_length(string) :
     invalid UTF-8 byte sequence detected; try calling stri_enc_toutf8()
    Error in if (word_len >= rules$min_word_len) { :
     missing value where TRUE/FALSE needed
    Calls: ptstem_words ... <Anonymous> -> llply -> structure -> lapply -> FUN -> apply_rules
    Execution halted
Flavor: r-devel-linux-x86_64-debian-clang

Version: 0.0.4
Check: installed package size
Result: NOTE
     installed size is 5.3Mb
     sub-directories of 1Mb or more:
     dict 5.1Mb
Flavors: r-devel-linux-x86_64-fedora-clang, r-devel-windows-ix86+x86_64, r-patched-solaris-x86, r-release-windows-ix86+x86_64, r-release-osx-x86_64, r-oldrel-windows-ix86+x86_64, r-oldrel-osx-x86_64