CRAN Package Check Results for Package pullword

Last updated on 2019-04-13 01:58:16 CEST.

Flavor Version Tinstall Tcheck Ttotal Status Flags
r-devel-linux-x86_64-debian-clang 0.2 3.34 23.50 26.84 OK
r-devel-linux-x86_64-debian-gcc 0.2 2.54 18.31 20.85 OK
r-devel-linux-x86_64-fedora-clang 0.2 30.33 NOTE
r-devel-linux-x86_64-fedora-gcc 0.2 33.34 NOTE
r-devel-windows-ix86+x86_64 0.2 16.00 129.00 145.00 ERROR
r-patched-linux-x86_64 0.2 3.01 22.44 25.45 OK
r-patched-solaris-x86 0.2 53.70 OK
r-release-linux-x86_64 0.2 2.18 22.32 24.50 OK
r-release-windows-ix86+x86_64 0.2 7.00 45.00 52.00 OK
r-release-osx-x86_64 0.2 OK
r-oldrel-windows-ix86+x86_64 0.2 11.00 36.00 47.00 OK
r-oldrel-osx-x86_64 0.2 OK

Check Details

Version: 0.2
Check: compiled code
Result: NOTE
    File ‘pullword/libs/pullword.so’:
     Found no calls to: ‘R_registerRoutines’, ‘R_useDynamicSymbols’
    
    It is good practice to register native routines and to disable symbol
    search.
    
    See ‘Writing portable packages’ in the ‘Writing R Extensions’ manual.
Flavors: r-devel-linux-x86_64-fedora-clang, r-devel-linux-x86_64-fedora-gcc

Version: 0.2
Check: running examples for arch ‘x64’
Result: ERROR
    Running examples in 'pullword-Ex.R' failed
    The error most likely occurred in:
    
    > ### Name: pullword
    > ### Title: R Interface of PullWord service
    > ### Aliases: pullword pullword-package
    >
    > ### ** Examples
    >
    > require(pullword)
    > pullword('Replace this field with a Chinese sentence.',threshold=0,showProb=TRUE)
    Uploading
    Error in function (type, msg, asError = TRUE) :
     Recv failure: Connection was reset
    Calls: pullword -> getURI -> curlPerform -> <Anonymous> -> fun
    Execution halted
Flavor: r-devel-windows-ix86+x86_64