CRAN Package Check Results for Package qrandom

Last updated on 2019-04-13 01:58:16 CEST.

Flavor Version Tinstall Tcheck Ttotal Status Flags
r-devel-linux-x86_64-debian-clang 1.1 3.81 37.56 41.37 OK
r-devel-linux-x86_64-debian-gcc 1.1 2.69 30.30 32.99 OK
r-devel-linux-x86_64-fedora-clang 1.1 48.35 OK
r-devel-linux-x86_64-fedora-gcc 1.1 48.05 OK
r-devel-windows-ix86+x86_64 1.1 12.00 80.00 92.00 OK
r-patched-linux-x86_64 1.1 3.50 37.05 40.55 OK
r-patched-solaris-x86 1.1 77.50 OK
r-release-linux-x86_64 1.1 1.56 35.90 37.46 OK
r-release-windows-ix86+x86_64 1.1 4.00 81.00 85.00 OK
r-release-osx-x86_64 1.1 OK
r-oldrel-osx-x86_64 1.1 ERROR

Check Details

Version: 1.1
Check: whether package can be installed
Result: ERROR
    Installation failed.
Flavor: r-oldrel-osx-x86_64