CRAN Package Check Results for Package qtl

Last updated on 2019-04-13 01:58:16 CEST.

Flavor Version Tinstall Tcheck Ttotal Status Flags
r-devel-linux-x86_64-debian-clang 1.44-9 77.02 338.18 415.20 OK
r-devel-linux-x86_64-debian-gcc 1.44-9 58.36 251.63 309.99 OK
r-devel-linux-x86_64-fedora-clang 1.44-9 494.57 NOTE
r-devel-linux-x86_64-fedora-gcc 1.44-9 466.94 OK
r-devel-windows-ix86+x86_64 1.44-9 204.00 579.00 783.00 NOTE
r-patched-linux-x86_64 1.44-9 68.97 339.88 408.85 OK
r-patched-solaris-x86 1.44-9 609.40 NOTE
r-release-linux-x86_64 1.44-9 61.99 325.52 387.51 OK
r-release-windows-ix86+x86_64 1.44-9 150.00 523.00 673.00 NOTE
r-release-osx-x86_64 1.44-9 NOTE
r-oldrel-windows-ix86+x86_64 1.44-9 149.00 581.00 730.00 NOTE
r-oldrel-osx-x86_64 1.44-9 NOTE

Check Details

Version: 1.44-9
Check: installed package size
Result: NOTE
     installed size is 11.4Mb
     sub-directories of 1Mb or more:
     R 1.7Mb
     contrib 3.8Mb
     doc 3.0Mb
     libs 1.5Mb
Flavors: r-devel-linux-x86_64-fedora-clang, r-devel-windows-ix86+x86_64, r-patched-solaris-x86, r-release-windows-ix86+x86_64, r-release-osx-x86_64, r-oldrel-windows-ix86+x86_64, r-oldrel-osx-x86_64