CRAN Package Check Results for Package rPraat

Last updated on 2019-04-13 01:58:19 CEST.

Flavor Version Tinstall Tcheck Ttotal Status Flags
r-devel-linux-x86_64-debian-clang 1.2.0-2 16.36 80.11 96.47 OK
r-devel-linux-x86_64-debian-gcc 1.2.0-2 15.00 61.79 76.79 OK
r-devel-linux-x86_64-fedora-clang 1.2.0-2 110.07 OK
r-devel-linux-x86_64-fedora-gcc 1.2.0-2 104.09 OK
r-devel-windows-ix86+x86_64 1.2.0-2 29.00 118.00 147.00 OK
r-patched-linux-x86_64 1.2.0-2 14.57 80.32 94.89 OK
r-patched-solaris-x86 1.2.0-2 138.30 OK
r-release-linux-x86_64 1.2.0-2 11.15 77.67 88.82 OK
r-release-windows-ix86+x86_64 1.2.0-2 24.00 111.00 135.00 OK
r-release-osx-x86_64 1.2.0-2 OK
r-oldrel-windows-ix86+x86_64 1.2.0-2 6.00 106.00 112.00 OK
r-oldrel-osx-x86_64 1.2.0 ERROR

Check Details

Version: 1.2.0
Check: whether package can be installed
Result: ERROR
    Installation failed.
Flavor: r-oldrel-osx-x86_64