CRAN Package Check Results for Package rags2ridges

Last updated on 2019-04-13 01:58:17 CEST.

Flavor Version Tinstall Tcheck Ttotal Status Flags
r-devel-linux-x86_64-debian-clang 2.2.1 52.23 180.57 232.80 OK
r-devel-linux-x86_64-debian-gcc 2.2.1 41.37 136.74 178.11 OK
r-devel-linux-x86_64-fedora-clang 2.2.1 289.21 NOTE
r-devel-linux-x86_64-fedora-gcc 2.2.1 269.10 NOTE
r-devel-windows-ix86+x86_64 2.2.1 127.00 296.00 423.00 OK
r-patched-linux-x86_64 2.2.1 46.17 175.24 221.41 OK
r-patched-solaris-x86 2.2.1 381.00 NOTE
r-release-linux-x86_64 2.2.1 43.23 173.06 216.29 OK
r-release-windows-ix86+x86_64 2.2.1 114.00 358.00 472.00 OK
r-release-osx-x86_64 2.2.1 NOTE
r-oldrel-windows-ix86+x86_64 2.2.1 90.00 263.00 353.00 OK
r-oldrel-osx-x86_64 2.2.1 NOTE

Check Details

Version: 2.2.1
Check: dependencies in R code
Result: NOTE
    Namespace in Imports field not imported from: ‘Rcpp’
     All declared Imports should be used.
Flavors: r-devel-linux-x86_64-fedora-clang, r-devel-linux-x86_64-fedora-gcc, r-patched-solaris-x86, r-release-osx-x86_64, r-oldrel-osx-x86_64

Version: 2.2.1
Check: installed package size
Result: NOTE
     installed size is 5.9Mb
     sub-directories of 1Mb or more:
     R 1.0Mb
     libs 4.3Mb
Flavors: r-release-osx-x86_64, r-oldrel-osx-x86_64