Last updated on 2019-04-13 01:58:17 CEST.
Flavor | Version | Tinstall | Tcheck | Ttotal | Status | Flags |
---|---|---|---|---|---|---|
r-devel-linux-x86_64-debian-clang | 0.2.6 | 1.63 | 25.91 | 27.54 | OK | |
r-devel-linux-x86_64-debian-gcc | 0.2.6 | 1.30 | 21.44 | 22.74 | OK | |
r-devel-linux-x86_64-fedora-clang | 0.2.6 | 34.37 | OK | |||
r-devel-linux-x86_64-fedora-gcc | 0.2.6 | 33.20 | OK | |||
r-devel-windows-ix86+x86_64 | 0.2.6 | 8.00 | 65.00 | 73.00 | OK | |
r-patched-linux-x86_64 | 0.2.6 | 1.58 | 25.96 | 27.54 | OK | |
r-patched-solaris-x86 | 0.2.6 | 54.40 | OK | |||
r-release-linux-x86_64 | 0.2.6 | 0.87 | 24.24 | 25.11 | OK | |
r-release-windows-ix86+x86_64 | 0.2.6 | 3.00 | 46.00 | 49.00 | OK | |
r-release-osx-x86_64 | 0.2.6 | OK | ||||
r-oldrel-windows-ix86+x86_64 | 0.2.6 | 2.00 | 44.00 | 46.00 | OK | |
r-oldrel-osx-x86_64 | 0.2.6 | NOTE |
Version: 0.2.6
Check: re-building of vignette outputs
Result: NOTE
Error in re-building vignettes:
...
Error in texi2dvi(file = file, pdf = TRUE, clean = clean, quiet = quiet, :
Running 'texi2dvi' on 'random-essay.tex' failed.
LaTeX errors:
! LaTeX Error: File `vmargin.sty' not found.
Type X to quit or <RETURN> to proceed,
or enter new name. (Default extension: sty)
! Emergency stop.
<read *>
l.4 \setpapersize
{USletter} % use USletter paper^^M
! ==> Fatal error occurred, no output PDF file produced!
Calls: buildVignettes -> texi2pdf -> texi2dvi
Execution halted
Flavor: r-oldrel-osx-x86_64