CRAN Package Check Results for Package raustats

Last updated on 2019-04-13 01:58:17 CEST.

Flavor Version Tinstall Tcheck Ttotal Status Flags
r-devel-linux-x86_64-debian-clang 0.1.0 5.89 109.89 115.78 OK
r-devel-linux-x86_64-debian-gcc 0.1.0 4.28 86.50 90.78 OK
r-devel-linux-x86_64-fedora-clang 0.1.0 138.63 NOTE
r-devel-linux-x86_64-fedora-gcc 0.1.0 140.50 NOTE
r-devel-windows-ix86+x86_64 0.1.0 14.00 302.00 316.00 OK
r-patched-linux-x86_64 0.1.0 6.35 111.59 117.94 OK
r-patched-solaris-x86 0.1.0 249.50 NOTE
r-release-linux-x86_64 0.1.0 4.08 110.08 114.16 OK
r-release-windows-ix86+x86_64 0.1.0 11.00 368.00 379.00 OK
r-release-osx-x86_64 0.1.0 NOTE
r-oldrel-windows-ix86+x86_64 0.1.0 7.00 328.00 335.00 OK
r-oldrel-osx-x86_64 0.1.0 NOTE

Check Details

Version: 0.1.0
Check: data for non-ASCII characters
Result: NOTE
     Note: found 12 marked UTF-8 strings
Flavors: r-devel-linux-x86_64-fedora-clang, r-devel-linux-x86_64-fedora-gcc, r-patched-solaris-x86, r-release-osx-x86_64, r-oldrel-osx-x86_64