Last updated on 2019-04-13 01:58:18 CEST.
Flavor | Version | Tinstall | Tcheck | Ttotal | Status | Flags |
---|---|---|---|---|---|---|
r-devel-linux-x86_64-debian-clang | 1.0.2 | 5.86 | 35.49 | 41.35 | OK | |
r-devel-linux-x86_64-debian-gcc | 1.0.2 | 4.58 | 28.90 | 33.48 | OK | |
r-devel-linux-x86_64-fedora-clang | 1.0.2 | 48.92 | NOTE | |||
r-devel-linux-x86_64-fedora-gcc | 1.0.2 | 47.01 | NOTE | |||
r-devel-windows-ix86+x86_64 | 1.0.2 | 11.00 | 46.00 | 57.00 | OK | |
r-patched-linux-x86_64 | 1.0.2 | 5.49 | 36.16 | 41.65 | OK | |
r-patched-solaris-x86 | 1.0.2 | 67.90 | NOTE | |||
r-release-linux-x86_64 | 1.0.2 | 5.02 | 34.42 | 39.44 | OK | |
r-release-windows-ix86+x86_64 | 1.0.2 | 9.00 | 62.00 | 71.00 | OK | |
r-release-osx-x86_64 | 1.0.2 | NOTE | ||||
r-oldrel-osx-x86_64 | 1.0.2 | ERROR |
Version: 1.0.2
Check: dependencies in R code
Result: NOTE
Namespace in Imports field not imported from: ‘gtools’
All declared Imports should be used.
Flavors: r-devel-linux-x86_64-fedora-clang, r-devel-linux-x86_64-fedora-gcc, r-patched-solaris-x86, r-release-osx-x86_64
Version: 1.0.2
Check: whether package can be installed
Result: ERROR
Installation failed.
Flavor: r-oldrel-osx-x86_64