Last updated on 2019-04-13 01:58:18 CEST.
Flavor | Version | Tinstall | Tcheck | Ttotal | Status | Flags |
---|---|---|---|---|---|---|
r-devel-linux-x86_64-debian-clang | 1.3.1 | 218.38 | 55.41 | 273.79 | NOTE | |
r-devel-linux-x86_64-debian-gcc | 1.3.1 | 181.85 | 43.52 | 225.37 | NOTE | |
r-devel-linux-x86_64-fedora-clang | 1.3.1 | 400.43 | NOTE | |||
r-devel-linux-x86_64-fedora-gcc | 1.3.1 | 390.59 | NOTE | |||
r-devel-windows-ix86+x86_64 | 1.3.1 | 744.00 | 144.00 | 888.00 | NOTE | |
r-patched-linux-x86_64 | 1.3.1 | 207.14 | 54.79 | 261.93 | NOTE | |
r-patched-solaris-x86 | 1.3.1 | 422.80 | NOTE | |||
r-release-linux-x86_64 | 1.3.1 | 209.92 | 52.76 | 262.68 | NOTE | |
r-release-windows-ix86+x86_64 | 1.3.1 | 746.00 | 155.00 | 901.00 | NOTE | |
r-release-osx-x86_64 | 1.3.1 | NOTE | ||||
r-oldrel-windows-ix86+x86_64 | 1.3.1 | 517.00 | 100.00 | 617.00 | NOTE | |
r-oldrel-osx-x86_64 | 1.3.1 | NOTE |
Version: 1.3.1
Check: for GNU extensions in Makefiles
Result: NOTE
GNU make is a SystemRequirements.
Flavors: r-devel-linux-x86_64-debian-clang, r-devel-linux-x86_64-debian-gcc, r-devel-linux-x86_64-fedora-clang, r-devel-linux-x86_64-fedora-gcc, r-devel-windows-ix86+x86_64, r-patched-linux-x86_64, r-patched-solaris-x86, r-release-linux-x86_64, r-release-windows-ix86+x86_64, r-release-osx-x86_64, r-oldrel-windows-ix86+x86_64, r-oldrel-osx-x86_64
Version: 1.3.1
Check: installed package size
Result: NOTE
installed size is 9.2Mb
sub-directories of 1Mb or more:
libs 8.4Mb
Flavor: r-devel-linux-x86_64-fedora-clang