CRAN Package Check Results for Package relMix

Last updated on 2019-04-13 01:58:18 CEST.

Flavor Version Tinstall Tcheck Ttotal Status Flags
r-devel-linux-x86_64-debian-clang 1.3 0.41 2.06 2.47 ERROR
r-devel-linux-x86_64-debian-gcc 1.3 2.85 24.90 27.75 OK
r-devel-linux-x86_64-fedora-clang 1.3 40.24 NOTE
r-devel-linux-x86_64-fedora-gcc 1.3 38.81 NOTE
r-devel-windows-ix86+x86_64 1.3 9.00 58.00 67.00 OK
r-patched-linux-x86_64 1.3 3.43 30.56 33.99 OK
r-patched-solaris-x86 1.3 59.80 NOTE
r-release-linux-x86_64 1.3 2.37 28.76 31.13 OK
r-release-windows-ix86+x86_64 1.3 6.00 41.00 47.00 OK
r-release-osx-x86_64 1.3 NOTE
r-oldrel-windows-ix86+x86_64 1.2.3 14.00 119.00 133.00 OK
r-oldrel-osx-x86_64 1.3 ERROR

Check Details

Version: 1.3
Check: package dependencies
Result: ERROR
    Package required but not available: 'gWidgetstcltk'
    
    See section 'The DESCRIPTION file' in the 'Writing R Extensions'
    manual.
Flavor: r-devel-linux-x86_64-debian-clang

Version: 1.3
Check: dependencies in R code
Result: NOTE
    Namespace in Imports field not imported from: ‘gWidgetstcltk’
     All declared Imports should be used.
Flavors: r-devel-linux-x86_64-fedora-clang, r-devel-linux-x86_64-fedora-gcc, r-patched-solaris-x86, r-release-osx-x86_64

Version: 1.3
Check: whether package can be installed
Result: ERROR
    Installation failed.
Flavor: r-oldrel-osx-x86_64