CRAN Package Check Results for Package reshape

Last updated on 2019-04-13 01:58:18 CEST.

Flavor Version Tinstall Tcheck Ttotal Status Flags
r-devel-linux-x86_64-debian-clang 0.8.8 3.15 30.34 33.49 OK
r-devel-linux-x86_64-debian-gcc 0.8.8 3.10 24.17 27.27 OK
r-devel-linux-x86_64-fedora-clang 0.8.8 39.97 OK
r-devel-linux-x86_64-fedora-gcc 0.8.8 39.30 OK
r-devel-windows-ix86+x86_64 0.8.8 9.00 58.00 67.00 OK
r-patched-linux-x86_64 0.8.8 3.14 30.18 33.32 OK
r-patched-solaris-x86 0.8.8 59.50 OK
r-release-linux-x86_64 0.8.8 2.76 32.21 34.97 OK
r-release-windows-ix86+x86_64 0.8.8 6.00 45.00 51.00 OK
r-release-osx-x86_64 0.8.8 NOTE
r-oldrel-windows-ix86+x86_64 0.8.8 4.00 62.00 66.00 NOTE
r-oldrel-osx-x86_64 0.8.8 NOTE

Check Details

Version: 0.8.8
Check: Rd \usage sections
Result: NOTE
    S3 methods shown with full name in documentation object 'all.vars.character':
     ‘all.vars.character’
    
    The \usage entries for S3 methods should use the \method markup and not
    their full name.
    See chapter ‘Writing R documentation files’ in the ‘Writing R
    Extensions’ manual.
Flavors: r-release-osx-x86_64, r-oldrel-windows-ix86+x86_64, r-oldrel-osx-x86_64