CRAN Package Check Results for Package revtools

Last updated on 2019-04-13 01:58:18 CEST.

Flavor Version Tinstall Tcheck Ttotal Status Flags
r-devel-linux-x86_64-debian-clang 0.3.0 8.70 63.06 71.76 OK
r-devel-linux-x86_64-debian-gcc 0.3.0 7.71 49.26 56.97 OK
r-devel-linux-x86_64-fedora-clang 0.3.0 87.87 NOTE
r-devel-linux-x86_64-fedora-gcc 0.3.0 81.96 NOTE
r-devel-windows-ix86+x86_64 0.3.0 20.00 85.00 105.00 OK
r-patched-linux-x86_64 0.3.0 9.74 62.95 72.69 OK
r-patched-solaris-x86 0.3.0 135.80 NOTE
r-release-linux-x86_64 0.3.0 6.94 61.46 68.40 OK
r-release-windows-ix86+x86_64 0.3.0 20.00 125.00 145.00 OK
r-release-osx-x86_64 0.3.0 NOTE
r-oldrel-windows-ix86+x86_64 0.2.2 9.00 75.00 84.00 OK
r-oldrel-osx-x86_64 0.3.0 ERROR

Check Details

Version: 0.3.0
Check: dependencies in R code
Result: NOTE
    Namespaces in Imports field not imported from:
     ‘SnowballC’ ‘stringdist’
     All declared Imports should be used.
Flavors: r-devel-linux-x86_64-fedora-clang, r-devel-linux-x86_64-fedora-gcc, r-patched-solaris-x86, r-release-osx-x86_64

Version: 0.3.0
Check: whether package can be installed
Result: ERROR
    Installation failed.
Flavor: r-oldrel-osx-x86_64