Last updated on 2019-04-13 01:58:18 CEST.
Flavor | Version | Tinstall | Tcheck | Ttotal | Status | Flags |
---|---|---|---|---|---|---|
r-devel-linux-x86_64-debian-clang | 0.4-2 | 14.14 | 53.59 | 67.73 | OK | |
r-devel-linux-x86_64-debian-gcc | 0.4-2 | 10.74 | 43.18 | 53.92 | OK | |
r-devel-linux-x86_64-fedora-clang | 0.4-2 | 79.57 | OK | |||
r-devel-linux-x86_64-fedora-gcc | 0.4-2 | 77.11 | OK | |||
r-devel-windows-ix86+x86_64 | 0.4-2 | 131.00 | 135.00 | 266.00 | OK | |
r-patched-linux-x86_64 | 0.4-2 | 13.16 | 53.72 | 66.88 | OK | |
r-patched-solaris-x86 | 0.4-2 | 110.40 | OK | |||
r-release-linux-x86_64 | 0.4-2 | 12.76 | 50.39 | 63.15 | OK | |
r-release-windows-ix86+x86_64 | 0.4-2 | 119.00 | 130.00 | 249.00 | OK | |
r-release-osx-x86_64 | 0.4-2 | NOTE | ||||
r-oldrel-windows-ix86+x86_64 | 0.4-2 | 101.00 | 134.00 | 235.00 | OK | |
r-oldrel-osx-x86_64 | 0.4-2 | NOTE |
Version: 0.4-2
Check: installed package size
Result: NOTE
installed size is 16.3Mb
sub-directories of 1Mb or more:
libs 15.4Mb
Flavors: r-release-osx-x86_64, r-oldrel-osx-x86_64