CRAN Package Check Results for Package riskclustr

Last updated on 2019-04-13 01:58:18 CEST.

Flavor Version Tinstall Tcheck Ttotal Status Flags
r-devel-linux-x86_64-debian-clang 0.1.0 2.01 59.47 61.48 OK
r-devel-linux-x86_64-debian-gcc 0.1.0 2.03 47.68 49.71 OK
r-devel-linux-x86_64-fedora-clang 0.1.0 77.07 NOTE
r-devel-linux-x86_64-fedora-gcc 0.1.0 71.55 NOTE
r-devel-windows-ix86+x86_64 0.1.0 9.00 70.00 79.00 OK
r-patched-linux-x86_64 0.1.0 2.38 59.99 62.37 OK
r-patched-solaris-x86 0.1.0 122.40 NOTE
r-release-linux-x86_64 0.1.0 1.60 57.09 58.69 OK
r-release-windows-ix86+x86_64 0.1.0 6.00 97.00 103.00 OK
r-release-osx-x86_64 0.1.0 NOTE
r-oldrel-osx-x86_64 0.1.0 ERROR

Check Details

Version: 0.1.0
Check: dependencies in R code
Result: NOTE
    Namespaces in Imports field not imported from:
     ‘gtools’ ‘knitr’ ‘usethis’
     All declared Imports should be used.
Flavors: r-devel-linux-x86_64-fedora-clang, r-devel-linux-x86_64-fedora-gcc, r-patched-solaris-x86, r-release-osx-x86_64

Version: 0.1.0
Check: whether package can be installed
Result: ERROR
    Installation failed.
Flavor: r-oldrel-osx-x86_64