CRAN Package Check Results for Package robustHD

Last updated on 2019-04-13 01:58:19 CEST.

Flavor Version Tinstall Tcheck Ttotal Status Flags
r-devel-linux-x86_64-debian-clang 0.5.1 98.24 85.48 183.72 OK
r-devel-linux-x86_64-debian-gcc 0.5.1 82.05 64.21 146.26 OK
r-devel-linux-x86_64-fedora-clang 0.5.1 263.13 NOTE
r-devel-linux-x86_64-fedora-gcc 0.5.1 233.80 NOTE
r-devel-windows-ix86+x86_64 0.5.1 242.00 138.00 380.00 OK
r-patched-linux-x86_64 0.5.1 92.76 83.70 176.46 OK
r-patched-solaris-x86 0.5.1 260.20 OK
r-release-linux-x86_64 0.5.1 93.54 82.53 176.07 OK
r-release-windows-ix86+x86_64 0.5.1 238.00 141.00 379.00 OK
r-release-osx-x86_64 0.5.1 OK
r-oldrel-windows-ix86+x86_64 0.5.1 180.00 142.00 322.00 OK
r-oldrel-osx-x86_64 0.5.1 OK

Check Details

Version: 0.5.1
Check: installed package size
Result: NOTE
     installed size is 5.8Mb
     sub-directories of 1Mb or more:
     libs 5.3Mb
Flavor: r-devel-linux-x86_64-fedora-clang

Version: 0.5.1
Check: compiled code
Result: NOTE
    File ‘robustHD/libs/robustHD.so’:
     Found no calls to: ‘R_registerRoutines’, ‘R_useDynamicSymbols’
    
    It is good practice to register native routines and to disable symbol
    search.
    
    See ‘Writing portable packages’ in the ‘Writing R Extensions’ manual.
Flavors: r-devel-linux-x86_64-fedora-clang, r-devel-linux-x86_64-fedora-gcc