CRAN Package Check Results for Package roll

Last updated on 2019-04-13 01:58:19 CEST.

Flavor Version Tinstall Tcheck Ttotal Status Flags
r-devel-linux-x86_64-debian-clang 1.1.2 38.32 22.89 61.21 NOTE
r-devel-linux-x86_64-debian-gcc 1.1.2 33.96 18.78 52.74 NOTE
r-devel-linux-x86_64-fedora-clang 1.1.2 87.18 NOTE
r-devel-linux-x86_64-fedora-gcc 1.1.2 81.72 NOTE
r-devel-windows-ix86+x86_64 1.1.2 100.00 72.00 172.00 NOTE
r-patched-linux-x86_64 1.1.2 36.74 23.09 59.83 NOTE
r-patched-solaris-x86 1.1.2 94.20 NOTE
r-release-linux-x86_64 1.1.2 38.56 22.04 60.60 NOTE
r-release-windows-ix86+x86_64 1.1.2 106.00 53.00 159.00 NOTE
r-release-osx-x86_64 1.1.2 NOTE
r-oldrel-windows-ix86+x86_64 1.1.2 72.00 71.00 143.00 NOTE
r-oldrel-osx-x86_64 1.1.2 NOTE

Check Details

Version: 1.1.2
Check: for GNU extensions in Makefiles
Result: NOTE
    GNU make is a SystemRequirements.
Flavors: r-devel-linux-x86_64-debian-clang, r-devel-linux-x86_64-debian-gcc, r-devel-linux-x86_64-fedora-clang, r-devel-linux-x86_64-fedora-gcc, r-devel-windows-ix86+x86_64, r-patched-linux-x86_64, r-patched-solaris-x86, r-release-linux-x86_64, r-release-windows-ix86+x86_64, r-release-osx-x86_64, r-oldrel-windows-ix86+x86_64, r-oldrel-osx-x86_64