Last updated on 2019-04-13 01:58:19 CEST.
Flavor | Version | Tinstall | Tcheck | Ttotal | Status | Flags |
---|---|---|---|---|---|---|
r-devel-linux-x86_64-debian-clang | 0.3.0 | 3.13 | 29.41 | 32.54 | OK | |
r-devel-linux-x86_64-debian-gcc | 0.3.0 | 4.02 | 24.10 | 28.12 | OK | |
r-devel-linux-x86_64-fedora-clang | 0.3.0 | 40.98 | NOTE | |||
r-devel-linux-x86_64-fedora-gcc | 0.3.0 | 39.76 | NOTE | |||
r-devel-windows-ix86+x86_64 | 0.3.0 | 11.00 | 59.00 | 70.00 | OK | |
r-patched-linux-x86_64 | 0.3.0 | 4.74 | 29.87 | 34.61 | OK | |
r-patched-solaris-x86 | 0.3.0 | 77.10 | NOTE | |||
r-release-linux-x86_64 | 0.3.0 | 3.10 | 28.23 | 31.33 | OK | |
r-release-windows-ix86+x86_64 | 0.3.0 | 7.00 | 63.00 | 70.00 | OK | |
r-release-osx-x86_64 | 0.3.0 | NOTE | ||||
r-oldrel-windows-ix86+x86_64 | 0.3.0 | 4.00 | 46.00 | 50.00 | OK | |
r-oldrel-osx-x86_64 | 0.3.0 | NOTE |
Version: 0.3.0
Check: dependencies in R code
Result: NOTE
Namespaces in Imports field not imported from:
‘httpuv’ ‘utils’
All declared Imports should be used.
Flavors: r-devel-linux-x86_64-fedora-clang, r-devel-linux-x86_64-fedora-gcc, r-patched-solaris-x86, r-release-osx-x86_64, r-oldrel-osx-x86_64