CRAN Package Check Results for Package rpf

Last updated on 2019-04-13 01:58:19 CEST.

Flavor Version Tinstall Tcheck Ttotal Status Flags
r-devel-linux-x86_64-debian-clang 0.60 37.16 61.63 98.79 OK
r-devel-linux-x86_64-debian-gcc 0.60 29.54 47.80 77.34 OK
r-devel-linux-x86_64-fedora-clang 0.62 141.64 NOTE
r-devel-linux-x86_64-fedora-gcc 0.62 121.62 OK
r-devel-windows-ix86+x86_64 0.60 85.00 91.00 176.00 OK
r-patched-linux-x86_64 0.60 33.87 60.31 94.18 OK
r-patched-solaris-x86 0.62 141.60 ERROR
r-release-linux-x86_64 0.60 32.34 58.13 90.47 OK
r-release-windows-ix86+x86_64 0.60 86.00 119.00 205.00 OK
r-release-osx-x86_64 0.60 NOTE
r-oldrel-windows-ix86+x86_64 0.60 55.00 106.00 161.00 OK
r-oldrel-osx-x86_64 0.60 NOTE

Check Details

Version: 0.62
Check: installed package size
Result: NOTE
     installed size is 8.3Mb
     sub-directories of 1Mb or more:
     libs 7.4Mb
Flavor: r-devel-linux-x86_64-fedora-clang

Version: 0.62
Check: tests
Result: ERROR
     Running ‘testthat.R’ [16s/23s]
    Running the tests in ‘tests/testthat.R’ failed.
    Complete output:
     > library(testthat)
     > library(rpf)
     Loading required package: parallel
     >
     > test_check("rpf")
     ── 1. Failure: (unknown) (@test-weightColumn.R#30) ────────────────────────────
     grp1$score[, 1] not equal to grp2$score[, 1].
     1000/1000 mismatches (average diff: 30)
     [1] 131.4 - 2.36e-01 == 131.2
     [2] 131.4 - -8.07e-01 == 132.2
     [3] 131.4 - 1.30e-13 == 131.4
     [4] 32.7 - -7.19e-01 == 33.4
     [5] 32.7 - -7.19e-01 == 33.4
     [6] 32.7 - -7.19e-01 == 33.4
     [7] 32.7 - -7.19e-01 == 33.4
     [8] 32.7 - -7.19e-01 == 33.4
     [9] 32.7 - -2.07e-01 == 32.9
     ...
    
     ══ testthat results ═══════════════════════════════════════════════════════════
     OK: 375 SKIPPED: 0 FAILED: 1
     1. Failure: (unknown) (@test-weightColumn.R#30)
    
     Error: testthat unit tests failed
     Execution halted
Flavor: r-patched-solaris-x86

Version: 0.60
Check: installed package size
Result: NOTE
     installed size is 8.6Mb
     sub-directories of 1Mb or more:
     libs 7.8Mb
Flavors: r-release-osx-x86_64, r-oldrel-osx-x86_64