Last updated on 2019-04-13 01:58:19 CEST.
Flavor | Version | Tinstall | Tcheck | Ttotal | Status | Flags |
---|---|---|---|---|---|---|
r-devel-linux-x86_64-debian-clang | 1.6 | 19.11 | 26.64 | 45.75 | OK | |
r-devel-linux-x86_64-debian-gcc | 1.6 | 17.03 | 21.72 | 38.75 | OK | |
r-devel-linux-x86_64-fedora-clang | 1.6 | 64.63 | OK | |||
r-devel-linux-x86_64-fedora-gcc | 1.6 | 58.30 | OK | |||
r-devel-windows-ix86+x86_64 | 1.6 | 69.00 | 91.00 | 160.00 | NOTE | |
r-patched-linux-x86_64 | 1.6 | 18.46 | 26.42 | 44.88 | OK | |
r-patched-solaris-x86 | 1.6 | 19.90 | ERROR | |||
r-release-linux-x86_64 | 1.6 | 16.79 | 25.17 | 41.96 | OK | |
r-release-windows-ix86+x86_64 | 1.6 | 51.00 | 70.00 | 121.00 | NOTE | |
r-release-osx-x86_64 | 1.6 | ERROR | ||||
r-oldrel-windows-ix86+x86_64 | 1.6 | 50.00 | 92.00 | 142.00 | NOTE | |
r-oldrel-osx-x86_64 | 1.6 | ERROR |
Version: 1.6
Check: installed package size
Result: NOTE
installed size is 5.8Mb
sub-directories of 1Mb or more:
libs 5.6Mb
Flavors: r-devel-windows-ix86+x86_64, r-release-windows-ix86+x86_64, r-oldrel-windows-ix86+x86_64
Version: 1.6
Check: whether package can be installed
Result: ERROR
Installation failed.
Flavors: r-patched-solaris-x86, r-release-osx-x86_64, r-oldrel-osx-x86_64