CRAN Package Check Results for Package rpms

Last updated on 2019-04-13 01:58:19 CEST.

Flavor Version Tinstall Tcheck Ttotal Status Flags
r-devel-linux-x86_64-debian-clang 0.3.0 61.74 52.58 114.32 OK
r-devel-linux-x86_64-debian-gcc 0.3.0 50.24 42.94 93.18 OK
r-devel-linux-x86_64-fedora-clang 0.3.0 162.84 NOTE
r-devel-linux-x86_64-fedora-gcc 0.3.0 152.43 OK
r-devel-windows-ix86+x86_64 0.3.0 148.00 145.00 293.00 NOTE
r-patched-linux-x86_64 0.3.0 60.92 52.16 113.08 OK
r-patched-solaris-x86 0.3.0 171.50 OK
r-release-linux-x86_64 0.3.0 62.66 50.27 112.93 OK
r-release-windows-ix86+x86_64 0.3.0 115.00 111.00 226.00 NOTE
r-release-osx-x86_64 0.3.0 NOTE
r-oldrel-windows-ix86+x86_64 0.3.0 104.00 149.00 253.00 NOTE
r-oldrel-osx-x86_64 0.3.0 NOTE

Additional issues

clang-UBSAN

Check Details

Version: 0.3.0
Check: installed package size
Result: NOTE
     installed size is 8.5Mb
     sub-directories of 1Mb or more:
     data 2.4Mb
     libs 4.3Mb
Flavors: r-devel-linux-x86_64-fedora-clang, r-devel-windows-ix86+x86_64, r-release-windows-ix86+x86_64, r-release-osx-x86_64, r-oldrel-windows-ix86+x86_64, r-oldrel-osx-x86_64