CRAN Package Check Results for Package sampling

Last updated on 2019-04-13 01:58:20 CEST.

Flavor Version Tinstall Tcheck Ttotal Status Flags
r-devel-linux-x86_64-debian-clang 2.8 7.01 86.57 93.58 OK
r-devel-linux-x86_64-debian-gcc 2.8 4.73 67.18 71.91 OK
r-devel-linux-x86_64-fedora-clang 2.8 109.06 NOTE
r-devel-linux-x86_64-fedora-gcc 2.8 110.85 NOTE
r-devel-windows-ix86+x86_64 2.8 16.00 590.00 606.00 OK
r-patched-linux-x86_64 2.8 5.33 91.66 96.99 OK
r-patched-solaris-x86 2.8 181.90 OK
r-release-linux-x86_64 2.8 5.48 84.08 89.56 OK
r-release-windows-ix86+x86_64 2.8 11.00 105.00 116.00 OK
r-release-osx-x86_64 2.8 OK
r-oldrel-windows-ix86+x86_64 2.8 7.00 159.00 166.00 OK
r-oldrel-osx-x86_64 2.8 OK

Check Details

Version: 2.8
Check: compiled code
Result: NOTE
    File ‘sampling/libs/sampling.so’:
     Found no calls to: ‘R_registerRoutines’, ‘R_useDynamicSymbols’
    
    It is good practice to register native routines and to disable symbol
    search.
    
    See ‘Writing portable packages’ in the ‘Writing R Extensions’ manual.
Flavors: r-devel-linux-x86_64-fedora-clang, r-devel-linux-x86_64-fedora-gcc