Last updated on 2019-04-13 01:58:20 CEST.
Flavor | Version | Tinstall | Tcheck | Ttotal | Status | Flags |
---|---|---|---|---|---|---|
r-devel-linux-x86_64-debian-clang | 0.0.6 | 9.83 | 265.33 | 275.16 | OK | |
r-devel-linux-x86_64-debian-gcc | 0.0.6 | 8.33 | 198.39 | 206.72 | OK | |
r-devel-linux-x86_64-fedora-clang | 0.0.6 | 331.40 | NOTE | |||
r-devel-linux-x86_64-fedora-gcc | 0.0.6 | 324.83 | NOTE | |||
r-devel-windows-ix86+x86_64 | 0.0.6 | 20.00 | 250.00 | 270.00 | OK | |
r-patched-linux-x86_64 | 0.0.6 | 8.11 | 260.33 | 268.44 | OK | |
r-patched-solaris-x86 | 0.0.6 | 420.90 | NOTE | |||
r-release-linux-x86_64 | 0.0.6 | 7.98 | 252.22 | 260.20 | OK | |
r-release-windows-ix86+x86_64 | 0.0.6 | 18.00 | 358.00 | 376.00 | OK | |
r-release-osx-x86_64 | 0.0.6 | NOTE | ||||
r-oldrel-windows-ix86+x86_64 | 0.0.6 | 10.00 | 369.00 | 379.00 | OK |
Version: 0.0.6
Check: dependencies in R code
Result: NOTE
Namespace in Imports field not imported from: ‘utils’
All declared Imports should be used.
Flavors: r-devel-linux-x86_64-fedora-clang, r-devel-linux-x86_64-fedora-gcc, r-patched-solaris-x86, r-release-osx-x86_64
Version: 0.0.6
Check: data for non-ASCII characters
Result: NOTE
Note: found 4 marked UTF-8 strings
Flavors: r-devel-linux-x86_64-fedora-clang, r-devel-linux-x86_64-fedora-gcc, r-patched-solaris-x86, r-release-osx-x86_64