Last updated on 2019-04-13 01:58:21 CEST.
Flavor | Version | Tinstall | Tcheck | Ttotal | Status | Flags |
---|---|---|---|---|---|---|
r-devel-linux-x86_64-debian-clang | 1.3.4 | 5.52 | 44.45 | 49.97 | OK | |
r-devel-linux-x86_64-debian-gcc | 1.3.4 | 4.68 | 35.59 | 40.27 | OK | |
r-devel-linux-x86_64-fedora-clang | 1.3.4 | 63.09 | NOTE | |||
r-devel-linux-x86_64-fedora-gcc | 1.3.4 | 60.79 | NOTE | |||
r-devel-windows-ix86+x86_64 | 1.3.4 | 16.00 | 77.00 | 93.00 | OK | |
r-patched-linux-x86_64 | 1.3.4 | 6.25 | 44.21 | 50.46 | OK | |
r-patched-solaris-x86 | 1.3.4 | 99.30 | NOTE | |||
r-release-linux-x86_64 | 1.3.4 | 4.23 | 42.31 | 46.54 | OK | |
r-release-windows-ix86+x86_64 | 1.3.4 | 16.00 | 52.00 | 68.00 | OK | |
r-release-osx-x86_64 | 1.3.4 | NOTE | ||||
r-oldrel-windows-ix86+x86_64 | 1.3.4 | 8.00 | 53.00 | 61.00 | OK | |
r-oldrel-osx-x86_64 | 1.3.4 | NOTE |
Version: 1.3.4
Check: dependencies in R code
Result: NOTE
Namespaces in Imports field not imported from:
‘cluster’ ‘factoextra’ ‘tidyr’
All declared Imports should be used.
Flavors: r-devel-linux-x86_64-fedora-clang, r-devel-linux-x86_64-fedora-gcc, r-patched-solaris-x86, r-release-osx-x86_64, r-oldrel-osx-x86_64