CRAN Package Check Results for Package slimrec

Last updated on 2019-04-13 01:58:22 CEST.

Flavor Version Tinstall Tcheck Ttotal Status Flags
r-devel-linux-x86_64-debian-clang 0.1.0 7.82 61.32 69.14 OK
r-devel-linux-x86_64-debian-gcc 0.1.0 5.89 48.99 54.88 OK
r-devel-linux-x86_64-fedora-clang 0.1.0 96.49 OK
r-devel-linux-x86_64-fedora-gcc 0.1.0 80.11 OK
r-devel-windows-ix86+x86_64 0.1.0 18.00 100.00 118.00 OK
r-patched-linux-x86_64 0.1.0 6.57 60.53 67.10 OK
r-patched-solaris-x86 0.1.0 135.10 OK
r-release-linux-x86_64 0.1.0 4.69 58.57 63.26 NOTE
r-release-windows-ix86+x86_64 0.1.0 13.00 61.00 74.00 OK
r-release-osx-x86_64 0.1.0 OK
r-oldrel-windows-ix86+x86_64 0.1.0 7.00 92.00 99.00 OK
r-oldrel-osx-x86_64 0.1.0 OK

Check Details

Version: 0.1.0
Check: DESCRIPTION meta-information
Result: NOTE
    Dependence on R version ‘3.3.3’ not with patchlevel 0
Flavor: r-release-linux-x86_64