CRAN Package Check Results for Package soilphysics

Last updated on 2019-04-13 01:58:22 CEST.

Flavor Version Tinstall Tcheck Ttotal Status Flags
r-devel-linux-x86_64-debian-clang 3.1 6.90 52.91 59.81 OK
r-devel-linux-x86_64-debian-gcc 3.1 5.61 41.77 47.38 OK
r-devel-linux-x86_64-fedora-clang 3.1 82.21 OK
r-devel-linux-x86_64-fedora-gcc 3.1 71.39 OK
r-devel-windows-ix86+x86_64 3.1 25.00 130.00 155.00 OK
r-patched-linux-x86_64 3.1 7.00 53.77 60.77 OK
r-patched-solaris-x86 3.1 101.00 OK
r-release-linux-x86_64 3.1 5.71 47.72 53.43 OK
r-release-windows-ix86+x86_64 3.1 14.00 99.00 113.00 OK
r-release-osx-x86_64 3.1 ERROR
r-oldrel-windows-ix86+x86_64 3.1 10.00 115.00 125.00 OK
r-oldrel-osx-x86_64 3.1 OK

Check Details

Version: 3.1
Check: package dependencies
Result: ERROR
    Package required but not available: ‘rpanel’
    
    See section ‘The DESCRIPTION file’ in the ‘Writing R Extensions’
    manual.
Flavor: r-release-osx-x86_64