CRAN Package Check Results for Package solaR

Last updated on 2019-04-13 01:58:22 CEST.

Flavor Version Tinstall Tcheck Ttotal Status Flags
r-devel-linux-x86_64-debian-clang 0.44 9.66 64.95 74.61 OK
r-devel-linux-x86_64-debian-gcc 0.44 7.77 51.05 58.82 OK
r-devel-linux-x86_64-fedora-clang 0.44 102.25 OK
r-devel-linux-x86_64-fedora-gcc 0.44 84.69 OK
r-devel-windows-ix86+x86_64 0.44 18.00 134.00 152.00 OK
r-patched-linux-x86_64 0.44 8.84 64.56 73.40 OK
r-patched-solaris-x86 0.44 127.50 OK
r-release-linux-x86_64 0.44 6.76 63.84 70.60 OK
r-release-windows-ix86+x86_64 0.44 17.00 94.00 111.00 OK
r-release-osx-x86_64 0.44 OK
r-oldrel-windows-ix86+x86_64 0.44 7.00 144.00 151.00 OK
r-oldrel-osx-x86_64 0.44 NOTE

Check Details

Version: 0.44
Check: package dependencies
Result: NOTE
    Package suggested but not available for checking: ‘meteoForecast’
Flavor: r-oldrel-osx-x86_64