CRAN Package Check Results for Package sparcl

Last updated on 2019-04-13 01:58:22 CEST.

Flavor Version Tinstall Tcheck Ttotal Status Flags
r-devel-linux-x86_64-debian-clang 1.0.4 3.05 28.21 31.26 OK
r-devel-linux-x86_64-debian-gcc 1.0.4 2.19 21.56 23.75 OK
r-devel-linux-x86_64-fedora-clang 1.0.4 37.80 NOTE
r-devel-linux-x86_64-fedora-gcc 1.0.4 35.87 NOTE
r-devel-windows-ix86+x86_64 1.0.4 13.00 50.00 63.00 OK
r-patched-linux-x86_64 1.0.4 2.91 28.55 31.46 OK
r-patched-solaris-x86 1.0.4 71.10 OK
r-release-linux-x86_64 1.0.4 2.08 26.37 28.45 OK
r-release-windows-ix86+x86_64 1.0.4 6.00 46.00 52.00 OK
r-release-osx-x86_64 1.0.4 OK
r-oldrel-windows-ix86+x86_64 1.0.4 5.00 69.00 74.00 OK
r-oldrel-osx-x86_64 1.0.4 OK

Check Details

Version: 1.0.4
Check: compiled code
Result: NOTE
    File ‘sparcl/libs/sparcl.so’:
     Found no calls to: ‘R_registerRoutines’, ‘R_useDynamicSymbols’
    
    It is good practice to register native routines and to disable symbol
    search.
    
    See ‘Writing portable packages’ in the ‘Writing R Extensions’ manual.
Flavors: r-devel-linux-x86_64-fedora-clang, r-devel-linux-x86_64-fedora-gcc