Last updated on 2019-04-13 01:58:22 CEST.
Flavor | Version | Tinstall | Tcheck | Ttotal | Status | Flags |
---|---|---|---|---|---|---|
r-devel-linux-x86_64-debian-clang | 1.5 | 6.72 | 78.18 | 84.90 | OK | |
r-devel-linux-x86_64-debian-gcc | 1.5 | 4.84 | 57.63 | 62.47 | OK | |
r-devel-linux-x86_64-fedora-clang | 1.5 | 102.60 | NOTE | |||
r-devel-linux-x86_64-fedora-gcc | 1.5 | 97.21 | NOTE | |||
r-devel-windows-ix86+x86_64 | 1.5 | 17.00 | 143.00 | 160.00 | OK | |
r-patched-linux-x86_64 | 1.5 | 6.02 | 77.98 | 84.00 | OK | |
r-patched-solaris-x86 | 1.5 | 151.20 | OK | |||
r-release-linux-x86_64 | 1.5 | 5.89 | 72.53 | 78.42 | OK | |
r-release-windows-ix86+x86_64 | 1.5 | 17.00 | 106.00 | 123.00 | OK | |
r-release-osx-x86_64 | 1.5 | OK | ||||
r-oldrel-windows-ix86+x86_64 | 1.5 | 9.00 | 132.00 | 141.00 | OK | |
r-oldrel-osx-x86_64 | 1.5 | OK |
Version: 1.5
Check: compiled code
Result: NOTE
File ‘spate/libs/spate.so’:
Found no calls to: ‘R_registerRoutines’, ‘R_useDynamicSymbols’
It is good practice to register native routines and to disable symbol
search.
See ‘Writing portable packages’ in the ‘Writing R Extensions’ manual.
Flavors: r-devel-linux-x86_64-fedora-clang, r-devel-linux-x86_64-fedora-gcc