Last updated on 2019-04-13 01:58:23 CEST.
Flavor | Version | Tinstall | Tcheck | Ttotal | Status | Flags |
---|---|---|---|---|---|---|
r-devel-linux-x86_64-debian-clang | 1.2 | 31.69 | 258.58 | 290.27 | OK | |
r-devel-linux-x86_64-debian-gcc | 1.2 | 29.46 | 204.32 | 233.78 | OK | |
r-devel-linux-x86_64-fedora-clang | 1.2 | 352.79 | OK | |||
r-devel-linux-x86_64-fedora-gcc | 1.2 | 340.17 | OK | |||
r-devel-windows-ix86+x86_64 | 1.2 | 69.00 | 234.00 | 303.00 | OK | |
r-patched-linux-x86_64 | 1.2 | 32.40 | 255.93 | 288.33 | OK | |
r-patched-solaris-x86 | 1.2 | 546.90 | OK | |||
r-release-linux-x86_64 | 1.2 | 25.83 | 249.10 | 274.93 | OK | |
r-release-windows-ix86+x86_64 | 1.2 | 53.00 | 333.00 | 386.00 | OK | |
r-release-osx-x86_64 | 1.2 | OK | ||||
r-oldrel-windows-ix86+x86_64 | 1.2 | 27.00 | 292.00 | 319.00 | OK | |
r-oldrel-osx-x86_64 | 1.2 | WARN |
Version: 1.2
Check: whether package can be installed
Result: WARN
Found the following significant warnings:
Warning: 'rgl_init' failed, running with rgl.useNULL = TRUE
Flavor: r-oldrel-osx-x86_64