CRAN Package Check Results for Package spgrass6

Last updated on 2019-04-13 01:58:23 CEST.

Flavor Version Tinstall Tcheck Ttotal Status Flags
r-devel-linux-x86_64-debian-clang 0.8-9 5.98 42.35 48.33 OK
r-devel-linux-x86_64-debian-gcc 0.8-9 4.98 34.29 39.27 OK
r-devel-linux-x86_64-fedora-clang 0.8-9 59.82 OK
r-devel-linux-x86_64-fedora-gcc 0.8-9 56.05 OK
r-devel-windows-ix86+x86_64 0.8-9 14.00 70.00 84.00 OK
r-patched-linux-x86_64 0.8-9 5.29 41.95 47.24 OK
r-patched-solaris-x86 0.8-9 84.90 OK
r-release-linux-x86_64 0.8-9 5.33 40.62 45.95 OK
r-release-windows-ix86+x86_64 0.8-9 10.00 48.00 58.00 OK
r-release-osx-x86_64 0.8-9 OK
r-oldrel-windows-ix86+x86_64 0.8-9 5.00 66.00 71.00 OK
r-oldrel-osx-x86_64 0.8-9 NOTE

Check Details

Version: 0.8-9
Check: package dependencies
Result: NOTE
    Package suggested but not available for checking: ‘rgdal’
Flavor: r-oldrel-osx-x86_64