Last updated on 2019-04-13 01:58:23 CEST.
Flavor | Version | Tinstall | Tcheck | Ttotal | Status | Flags |
---|---|---|---|---|---|---|
r-devel-linux-x86_64-debian-clang | 4.0.0 | 43.67 | 540.07 | 583.74 | OK | |
r-devel-linux-x86_64-debian-gcc | 4.0.0 | 34.32 | 419.83 | 454.15 | OK | |
r-devel-linux-x86_64-fedora-clang | 4.0.0 | 702.15 | OK | |||
r-devel-linux-x86_64-fedora-gcc | 4.0.0 | 668.45 | OK | |||
r-devel-windows-ix86+x86_64 | 4.0.0 | 103.00 | 727.00 | 830.00 | OK | |
r-patched-linux-x86_64 | 4.0.0 | 39.82 | 541.34 | 581.16 | OK | |
r-patched-solaris-x86 | 4.0.0 | 1048.40 | NOTE | |||
r-release-linux-x86_64 | 4.0.0 | 36.32 | 498.21 | 534.53 | OK | |
r-release-windows-ix86+x86_64 | 4.0.0 | 94.00 | 682.00 | 776.00 | OK | |
r-release-osx-x86_64 | 4.0.0 | OK | ||||
r-oldrel-windows-ix86+x86_64 | 4.0.0 | 42.00 | 455.00 | 497.00 | OK | |
r-oldrel-osx-x86_64 | 3.4 | OK |
Version: 4.0.0
Check: installed package size
Result: NOTE
installed size is 5.0Mb
sub-directories of 1Mb or more:
doc 2.5Mb
Flavor: r-patched-solaris-x86