Last updated on 2019-04-13 01:58:23 CEST.
Flavor | Version | Tinstall | Tcheck | Ttotal | Status | Flags |
---|---|---|---|---|---|---|
r-devel-linux-x86_64-debian-clang | 0.3.4 | 9.45 | 101.63 | 111.08 | OK | |
r-devel-linux-x86_64-debian-gcc | 0.3.4 | 8.42 | 78.57 | 86.99 | OK | |
r-devel-linux-x86_64-fedora-clang | 0.3.4 | 133.79 | OK | |||
r-devel-linux-x86_64-fedora-gcc | 0.3.4 | 136.17 | OK | |||
r-devel-windows-ix86+x86_64 | 0.3.4 | 26.00 | 120.00 | 146.00 | OK | |
r-patched-linux-x86_64 | 0.3.4 | 8.73 | 98.23 | 106.96 | OK | |
r-patched-solaris-x86 | 0.3.4 | 185.50 | NOTE | |||
r-release-linux-x86_64 | 0.3.4 | 5.26 | 91.84 | 97.10 | OK | |
r-release-windows-ix86+x86_64 | 0.3.4 | 18.00 | 159.00 | 177.00 | OK | |
r-release-osx-x86_64 | 0.3.4 | OK | ||||
r-oldrel-windows-ix86+x86_64 | 0.3.4 | 10.00 | 131.00 | 141.00 | OK | |
r-oldrel-osx-x86_64 | 0.3.4 | OK |
Version: 0.3.4
Check: package dependencies
Result: NOTE
Package suggested but not available for checking: ‘MonetDBLite’
Flavor: r-patched-solaris-x86