CRAN Package Check Results for Package stable

Last updated on 2019-04-13 01:58:23 CEST.

Flavor Version Tinstall Tcheck Ttotal Status Flags
r-devel-linux-x86_64-debian-clang 1.1.4 4.27 26.22 30.49 OK
r-devel-linux-x86_64-debian-gcc 1.1.4 3.30 20.53 23.83 OK
r-devel-linux-x86_64-fedora-clang 1.1.4 38.30 NOTE
r-devel-linux-x86_64-fedora-gcc 1.1.4 34.88 NOTE
r-devel-windows-ix86+x86_64 1.1.4 12.00 65.00 77.00 OK
r-patched-linux-x86_64 1.1.4 4.14 26.26 30.40 OK
r-patched-solaris-x86 1.1.4 53.30 NOTE
r-release-linux-x86_64 1.1.4 3.07 24.83 27.90 OK
r-release-windows-ix86+x86_64 1.1.4 8.00 47.00 55.00 OK
r-release-osx-x86_64 1.1.4 NOTE
r-oldrel-windows-ix86+x86_64 1.1.4 6.00 54.00 60.00 OK
r-oldrel-osx-x86_64 1.1.4 NOTE

Check Details

Version: 1.1.4
Check: dependencies in R code
Result: NOTE
    Namespace in Imports field not imported from: ‘stabledist’
     All declared Imports should be used.
Flavors: r-devel-linux-x86_64-fedora-clang, r-devel-linux-x86_64-fedora-gcc, r-patched-solaris-x86, r-release-osx-x86_64, r-oldrel-osx-x86_64