Last updated on 2019-04-13 01:58:23 CEST.
Flavor | Version | Tinstall | Tcheck | Ttotal | Status | Flags |
---|---|---|---|---|---|---|
r-devel-linux-x86_64-debian-clang | 0.1-1 | 8.12 | 58.91 | 67.03 | OK | |
r-devel-linux-x86_64-debian-gcc | 0.1-1 | 6.08 | 47.96 | 54.04 | OK | |
r-devel-linux-x86_64-fedora-clang | 0.1-1 | 87.32 | NOTE | |||
r-devel-linux-x86_64-fedora-gcc | 0.1-1 | 77.16 | NOTE | |||
r-devel-windows-ix86+x86_64 | 0.1-1 | 22.00 | 89.00 | 111.00 | OK | |
r-patched-linux-x86_64 | 0.1-1 | 7.20 | 58.47 | 65.67 | OK | |
r-patched-solaris-x86 | 0.1-1 | 126.00 | NOTE | |||
r-release-linux-x86_64 | 0.1-1 | 5.96 | 56.81 | 62.77 | OK | |
r-release-windows-ix86+x86_64 | 0.1-1 | 13.00 | 65.00 | 78.00 | OK | |
r-release-osx-x86_64 | 0.1-1 | NOTE | ||||
r-oldrel-windows-ix86+x86_64 | 0.1-1 | 8.00 | 64.00 | 72.00 | OK | |
r-oldrel-osx-x86_64 | 0.1-1 | NOTE |
Version: 0.1-1
Check: data for non-ASCII characters
Result: NOTE
Note: found 123 marked UTF-8 strings
Flavors: r-devel-linux-x86_64-fedora-clang, r-devel-linux-x86_64-fedora-gcc, r-patched-solaris-x86, r-release-osx-x86_64, r-oldrel-osx-x86_64