Last updated on 2019-04-13 01:58:23 CEST.
Flavor | Version | Tinstall | Tcheck | Ttotal | Status | Flags |
---|---|---|---|---|---|---|
r-devel-linux-x86_64-debian-clang | 0.2 | 2.36 | 23.94 | 26.30 | OK | |
r-devel-linux-x86_64-debian-gcc | 0.2 | 2.09 | 19.09 | 21.18 | OK | |
r-devel-linux-x86_64-fedora-clang | 0.2 | 31.56 | OK | |||
r-devel-linux-x86_64-fedora-gcc | 0.2 | 29.58 | OK | |||
r-devel-windows-ix86+x86_64 | 0.2 | 6.00 | 48.00 | 54.00 | OK | |
r-patched-linux-x86_64 | 0.2 | 2.73 | 23.72 | 26.45 | OK | |
r-patched-solaris-x86 | 0.2 | 50.60 | OK | |||
r-release-linux-x86_64 | 0.2 | 1.69 | 22.83 | 24.52 | OK | |
r-release-windows-ix86+x86_64 | 0.2 | 8.00 | 35.00 | 43.00 | OK | |
r-release-osx-x86_64 | 0.2 | OK | ||||
r-oldrel-osx-x86_64 | 0.2 | ERROR |
Version: 0.2
Check: whether package can be installed
Result: ERROR
Installation failed.
Flavor: r-oldrel-osx-x86_64