Last updated on 2019-04-13 01:58:23 CEST.
Flavor | Version | Tinstall | Tcheck | Ttotal | Status | Flags |
---|---|---|---|---|---|---|
r-devel-linux-x86_64-debian-clang | 0.1.2 | 6.42 | 59.29 | 65.71 | OK | |
r-devel-linux-x86_64-debian-gcc | 0.1.2 | 5.46 | 48.17 | 53.63 | OK | |
r-devel-linux-x86_64-fedora-clang | 0.1.2 | 83.05 | NOTE | |||
r-devel-linux-x86_64-fedora-gcc | 0.1.2 | 81.02 | NOTE | |||
r-devel-windows-ix86+x86_64 | 0.1.2 | 14.00 | 76.00 | 90.00 | OK | |
r-patched-linux-x86_64 | 0.1.2 | 6.91 | 57.53 | 64.44 | OK | |
r-patched-solaris-x86 | 0.1.2 | 136.80 | NOTE | |||
r-release-linux-x86_64 | 0.1.2 | 3.08 | 55.35 | 58.43 | OK | |
r-release-windows-ix86+x86_64 | 0.1.2 | 17.00 | 106.00 | 123.00 | OK | |
r-release-osx-x86_64 | 0.1.2 | NOTE | ||||
r-oldrel-windows-ix86+x86_64 | 0.1.2 | 8.00 | 93.00 | 101.00 | OK | |
r-oldrel-osx-x86_64 | 0.1.2 | NOTE |
Version: 0.1.2
Check: dependencies in R code
Result: NOTE
Namespace in Imports field not imported from: ‘tibble’
All declared Imports should be used.
Flavors: r-devel-linux-x86_64-fedora-clang, r-devel-linux-x86_64-fedora-gcc, r-patched-solaris-x86, r-release-osx-x86_64, r-oldrel-osx-x86_64