CRAN Package Check Results for Package stsm

Last updated on 2019-04-13 01:58:23 CEST.

Flavor Version Tinstall Tcheck Ttotal Status Flags
r-devel-linux-x86_64-debian-clang 1.9 12.31 50.60 62.91 OK
r-devel-linux-x86_64-debian-gcc 1.9 8.63 39.21 47.84 OK
r-devel-linux-x86_64-fedora-clang 1.9 75.29 NOTE
r-devel-linux-x86_64-fedora-gcc 1.9 73.30 NOTE
r-devel-windows-ix86+x86_64 1.9 28.00 106.00 134.00 OK
r-patched-linux-x86_64 1.9 10.41 49.54 59.95 OK
r-patched-solaris-x86 1.9 105.40 OK
r-release-linux-x86_64 1.9 9.83 46.92 56.75 OK
r-release-windows-ix86+x86_64 1.9 16.00 99.00 115.00 OK
r-release-osx-x86_64 1.9 OK
r-oldrel-windows-ix86+x86_64 1.9 13.00 104.00 117.00 OK
r-oldrel-osx-x86_64 1.9 ERROR

Check Details

Version: 1.9
Check: compiled code
Result: NOTE
    File ‘stsm/libs/stsm.so’:
     Found no calls to: ‘R_registerRoutines’, ‘R_useDynamicSymbols’
    
    It is good practice to register native routines and to disable symbol
    search.
    
    See ‘Writing portable packages’ in the ‘Writing R Extensions’ manual.
Flavors: r-devel-linux-x86_64-fedora-clang, r-devel-linux-x86_64-fedora-gcc

Version: 1.9
Check: package dependencies
Result: ERROR
    Package required but not available: ‘KFKSDS’
    
    See section ‘The DESCRIPTION file’ in the ‘Writing R Extensions’
    manual.
Flavor: r-oldrel-osx-x86_64