CRAN Package Check Results for Package survSNP

Last updated on 2019-04-13 01:58:24 CEST.

Flavor Version Tinstall Tcheck Ttotal Status Flags
r-devel-linux-x86_64-debian-clang 0.24 14.27 156.27 170.54 OK
r-devel-linux-x86_64-debian-gcc 0.24 13.35 119.38 132.73 OK
r-devel-linux-x86_64-fedora-clang 0.24 205.56 NOTE
r-devel-linux-x86_64-fedora-gcc 0.24 196.55 NOTE
r-devel-windows-ix86+x86_64 0.24 42.00 176.00 218.00 OK
r-patched-linux-x86_64 0.24 14.61 153.59 168.20 OK
r-patched-solaris-x86 0.24 294.10 OK
r-release-linux-x86_64 0.24 12.02 150.36 162.38 OK
r-release-windows-ix86+x86_64 0.24 32.00 177.00 209.00 OK
r-release-osx-x86_64 0.24 OK
r-oldrel-windows-ix86+x86_64 0.24 25.00 196.00 221.00 OK
r-oldrel-osx-x86_64 0.24 OK

Check Details

Version: 0.24
Check: compiled code
Result: NOTE
    File ‘survSNP/libs/survSNP.so’:
     Found no calls to: ‘R_registerRoutines’, ‘R_useDynamicSymbols’
    
    It is good practice to register native routines and to disable symbol
    search.
    
    See ‘Writing portable packages’ in the ‘Writing R Extensions’ manual.
Flavors: r-devel-linux-x86_64-fedora-clang, r-devel-linux-x86_64-fedora-gcc