Last updated on 2019-04-13 01:58:24 CEST.
Flavor | Version | Tinstall | Tcheck | Ttotal | Status | Flags |
---|---|---|---|---|---|---|
r-devel-linux-x86_64-debian-clang | 0.1.0 | 2.67 | 20.06 | 22.73 | OK | |
r-devel-linux-x86_64-debian-gcc | 0.1.0 | 2.07 | 16.33 | 18.40 | OK | |
r-devel-linux-x86_64-fedora-clang | 0.1.0 | 27.76 | NOTE | |||
r-devel-linux-x86_64-fedora-gcc | 0.1.0 | 25.42 | NOTE | |||
r-devel-windows-ix86+x86_64 | 0.1.0 | 10.00 | 36.00 | 46.00 | OK | |
r-patched-linux-x86_64 | 0.1.0 | 2.25 | 20.11 | 22.36 | OK | |
r-patched-solaris-x86 | 0.1.0 | 42.20 | NOTE | |||
r-release-linux-x86_64 | 0.1.0 | 1.93 | 19.14 | 21.07 | OK | |
r-release-windows-ix86+x86_64 | 0.1.0 | 7.00 | 51.00 | 58.00 | OK | |
r-release-osx-x86_64 | 0.1.0 | NOTE | ||||
r-oldrel-windows-ix86+x86_64 | 0.1.0 | 5.00 | 28.00 | 33.00 | OK | |
r-oldrel-osx-x86_64 | 0.1.0 | NOTE |
Version: 0.1.0
Check: dependencies in R code
Result: NOTE
Namespace in Imports field not imported from: ‘knitr’
All declared Imports should be used.
Flavors: r-devel-linux-x86_64-fedora-clang, r-devel-linux-x86_64-fedora-gcc, r-patched-solaris-x86, r-release-osx-x86_64, r-oldrel-osx-x86_64