CRAN Package Check Results for Package tbl2xts

Last updated on 2019-04-13 01:58:24 CEST.

Flavor Version Tinstall Tcheck Ttotal Status Flags
r-devel-linux-x86_64-debian-clang 0.1.2 3.60 33.87 37.47 OK
r-devel-linux-x86_64-debian-gcc 0.1.2 2.59 27.04 29.63 OK
r-devel-linux-x86_64-fedora-clang 0.1.2 46.55 NOTE
r-devel-linux-x86_64-fedora-gcc 0.1.2 44.30 NOTE
r-devel-windows-ix86+x86_64 0.1.2 11.00 63.00 74.00 OK
r-patched-linux-x86_64 0.1.2 4.05 33.95 38.00 OK
r-patched-solaris-x86 0.1.2 69.00 NOTE
r-release-linux-x86_64 0.1.2 2.39 32.01 34.40 OK
r-release-windows-ix86+x86_64 0.1.2 9.00 45.00 54.00 OK
r-release-osx-x86_64 0.1.2 NOTE
r-oldrel-windows-ix86+x86_64 0.1.2 6.00 55.00 61.00 OK
r-oldrel-osx-x86_64 0.1.2 NOTE

Check Details

Version: 0.1.2
Check: dependencies in R code
Result: NOTE
    Namespace in Imports field not imported from: ‘PerformanceAnalytics’
     All declared Imports should be used.
Flavors: r-devel-linux-x86_64-fedora-clang, r-devel-linux-x86_64-fedora-gcc, r-patched-solaris-x86, r-release-osx-x86_64, r-oldrel-osx-x86_64