Last updated on 2019-04-13 01:58:24 CEST.
Flavor | Version | Tinstall | Tcheck | Ttotal | Status | Flags |
---|---|---|---|---|---|---|
r-devel-linux-x86_64-debian-clang | 0.2.0 | 4.95 | 25.60 | 30.55 | OK | |
r-devel-linux-x86_64-debian-gcc | 0.2.0 | 3.48 | 20.41 | 23.89 | OK | |
r-devel-linux-x86_64-fedora-clang | 0.2.0 | 36.63 | NOTE | |||
r-devel-linux-x86_64-fedora-gcc | 0.2.0 | 34.90 | NOTE | |||
r-devel-windows-ix86+x86_64 | 0.2.0 | 10.00 | 50.00 | 60.00 | OK | |
r-patched-linux-x86_64 | 0.2.0 | 4.70 | 25.80 | 30.50 | OK | |
r-patched-solaris-x86 | 0.2.0 | 53.80 | NOTE | |||
r-release-linux-x86_64 | 0.2.0 | 3.46 | 24.25 | 27.71 | OK | |
r-release-windows-ix86+x86_64 | 0.2.0 | 8.00 | 40.00 | 48.00 | OK | |
r-release-osx-x86_64 | 0.2.0 | NOTE | ||||
r-oldrel-osx-x86_64 | 0.1.0 | ERROR |
Version: 0.2.0
Check: dependencies in R code
Result: NOTE
Namespace in Imports field not imported from: ‘tiff’
All declared Imports should be used.
Flavors: r-devel-linux-x86_64-fedora-clang, r-devel-linux-x86_64-fedora-gcc, r-patched-solaris-x86, r-release-osx-x86_64
Version: 0.1.0
Check: package dependencies
Result: ERROR
Package required and available but unsuitable version: ‘tools’
See section ‘The DESCRIPTION file’ in the ‘Writing R Extensions’
manual.
Flavor: r-oldrel-osx-x86_64