CRAN Package Check Results for Package threejs

Last updated on 2019-04-13 01:58:24 CEST.

Flavor Version Tinstall Tcheck Ttotal Status Flags
r-devel-linux-x86_64-debian-clang 0.3.1 4.04 38.02 42.06 OK
r-devel-linux-x86_64-debian-gcc 0.3.1 3.40 30.20 33.60 OK
r-devel-linux-x86_64-fedora-clang 0.3.1 50.34 OK
r-devel-linux-x86_64-fedora-gcc 0.3.1 47.68 OK
r-devel-windows-ix86+x86_64 0.3.1 3.00 6.00 9.00 ERROR
r-patched-linux-x86_64 0.3.1 5.03 37.68 42.71 OK
r-patched-solaris-x86 0.3.1 86.60 OK
r-release-linux-x86_64 0.3.1 3.21 34.78 37.99 OK
r-release-windows-ix86+x86_64 0.3.1 12.00 55.00 67.00 OK
r-release-osx-x86_64 0.3.1 ERROR
r-oldrel-windows-ix86+x86_64 0.3.1 6.00 63.00 69.00 OK
r-oldrel-osx-x86_64 0.3.1 OK

Check Details

Version: 0.3.1
Check: whether package can be installed
Result: ERROR
    Installation failed.
Flavor: r-devel-windows-ix86+x86_64

Version: 0.3.1
Check: examples
Result: ERROR
    Running examples in ‘threejs-Ex.R’ failed
    The error most likely occurred in:
    
    > ### Name: graphjs
    > ### Title: Interactive 3D Graph Visualization
    > ### Aliases: graphjs
    >
    > ### ** Examples
    >
    > set.seed(1)
    > g <- sample_islands(3, 10, 5/10, 1)
    > i <- cluster_optimal(g)
    Error in cluster_optimal(g) :
     At optimal_modularity.c:85 : GLPK is not available, Unimplemented function call
    Execution halted
Flavor: r-release-osx-x86_64