CRAN Package Check Results for Package tictoc

Last updated on 2019-04-13 01:58:24 CEST.

Flavor Version Tinstall Tcheck Ttotal Status Flags
r-devel-linux-x86_64-debian-clang 1.0 1.71 19.99 21.70 NOTE
r-devel-linux-x86_64-debian-gcc 1.0 1.44 16.30 17.74 NOTE
r-devel-linux-x86_64-fedora-clang 1.0 26.83 NOTE
r-devel-linux-x86_64-fedora-gcc 1.0 24.76 NOTE
r-devel-windows-ix86+x86_64 1.0 6.00 32.00 38.00 NOTE
r-patched-linux-x86_64 1.0 1.61 20.08 21.69 NOTE
r-patched-solaris-x86 1.0 41.30 NOTE
r-release-linux-x86_64 1.0 0.99 18.75 19.74 NOTE
r-release-windows-ix86+x86_64 1.0 2.00 34.00 36.00 NOTE
r-release-osx-x86_64 1.0 NOTE
r-oldrel-windows-ix86+x86_64 1.0 2.00 47.00 49.00 NOTE
r-oldrel-osx-x86_64 1.0 NOTE

Check Details

Version: 1.0
Check: DESCRIPTION meta-information
Result: NOTE
    Malformed Title field: should not end in a period.
Flavors: r-devel-linux-x86_64-debian-clang, r-devel-linux-x86_64-debian-gcc, r-devel-linux-x86_64-fedora-clang, r-devel-linux-x86_64-fedora-gcc, r-devel-windows-ix86+x86_64, r-patched-linux-x86_64, r-patched-solaris-x86, r-release-linux-x86_64, r-release-windows-ix86+x86_64, r-release-osx-x86_64, r-oldrel-windows-ix86+x86_64, r-oldrel-osx-x86_64