Last updated on 2019-04-13 01:58:25 CEST.
Flavor | Version | Tinstall | Tcheck | Ttotal | Status | Flags |
---|---|---|---|---|---|---|
r-devel-linux-x86_64-debian-clang | 0.8.3 | 28.92 | 46.44 | 75.36 | OK | |
r-devel-linux-x86_64-debian-gcc | 0.8.3 | 24.08 | 36.41 | 60.49 | OK | |
r-devel-linux-x86_64-fedora-clang | 0.8.3 | 101.70 | NOTE | |||
r-devel-linux-x86_64-fedora-gcc | 0.8.3 | 94.79 | NOTE | |||
r-devel-windows-ix86+x86_64 | 0.8.3 | 53.00 | 81.00 | 134.00 | OK | |
r-patched-linux-x86_64 | 0.8.3 | 28.16 | 45.53 | 73.69 | OK | |
r-patched-solaris-x86 | 0.8.3 | 116.80 | NOTE | |||
r-release-linux-x86_64 | 0.8.3 | 27.87 | 44.09 | 71.96 | OK | |
r-release-windows-ix86+x86_64 | 0.8.3 | 84.00 | 115.00 | 199.00 | OK | |
r-release-osx-x86_64 | 0.8.3 | NOTE | ||||
r-oldrel-windows-ix86+x86_64 | 0.8.3 | 54.00 | 98.00 | 152.00 | OK | |
r-oldrel-osx-x86_64 | 0.8.3 | NOTE |
Version: 0.8.3
Check: data for non-ASCII characters
Result: NOTE
Note: found 23 marked UTF-8 strings
Flavors: r-devel-linux-x86_64-fedora-clang, r-devel-linux-x86_64-fedora-gcc, r-patched-solaris-x86, r-release-osx-x86_64, r-oldrel-osx-x86_64