Last updated on 2019-04-13 01:58:25 CEST.
Flavor | Version | Tinstall | Tcheck | Ttotal | Status | Flags |
---|---|---|---|---|---|---|
r-devel-linux-x86_64-debian-clang | 0.9.0 | 3.30 | 84.31 | 87.61 | OK | |
r-devel-linux-x86_64-debian-gcc | 0.9.0 | 2.87 | 69.90 | 72.77 | OK | |
r-devel-linux-x86_64-fedora-clang | 0.9.0 | 103.95 | NOTE | |||
r-devel-linux-x86_64-fedora-gcc | 0.9.0 | 102.81 | NOTE | |||
r-devel-windows-ix86+x86_64 | 0.9.0 | 11.00 | 128.00 | 139.00 | OK | |
r-patched-linux-x86_64 | 0.9.0 | 3.31 | 81.94 | 85.25 | OK | |
r-patched-solaris-x86 | 0.9.0 | 179.50 | NOTE | |||
r-release-linux-x86_64 | 0.9.0 | 2.46 | 81.55 | 84.01 | OK | |
r-release-windows-ix86+x86_64 | 0.9.0 | 8.00 | 90.00 | 98.00 | OK | |
r-release-osx-x86_64 | 0.9.0 | NOTE | ||||
r-oldrel-windows-ix86+x86_64 | 0.9.0 | 4.00 | 106.00 | 110.00 | OK | |
r-oldrel-osx-x86_64 | 0.9.0 | NOTE |
Version: 0.9.0
Check: data for non-ASCII characters
Result: NOTE
Note: found 229801 marked UTF-8 strings
Flavors: r-devel-linux-x86_64-fedora-clang, r-devel-linux-x86_64-fedora-gcc, r-patched-solaris-x86, r-release-osx-x86_64, r-oldrel-osx-x86_64