CRAN Package Check Results for Package timetree

Last updated on 2019-04-13 01:58:25 CEST.

Flavor Version Tinstall Tcheck Ttotal Status Flags
r-devel-linux-x86_64-debian-clang 1.0 7.03 61.08 68.11 NOTE
r-devel-linux-x86_64-debian-gcc 1.0 6.34 49.15 55.49 NOTE
r-devel-linux-x86_64-fedora-clang 1.0 81.43 NOTE
r-devel-linux-x86_64-fedora-gcc 1.0 77.90 NOTE
r-devel-windows-ix86+x86_64 1.0 20.00 98.00 118.00 NOTE
r-patched-linux-x86_64 1.0 7.18 62.62 69.80 NOTE
r-patched-solaris-x86 1.0 137.10 NOTE
r-release-linux-x86_64 1.0 4.93 57.77 62.70 NOTE
r-release-windows-ix86+x86_64 1.0 11.00 67.00 78.00 NOTE
r-release-osx-x86_64 1.0 NOTE
r-oldrel-windows-ix86+x86_64 1.0 7.00 75.00 82.00 NOTE
r-oldrel-osx-x86_64 1.0 NOTE

Check Details

Version: 1.0
Check: R code for possible problems
Result: NOTE
    author.search: no visible binding for global variable 'na.omit'
    reference.list: no visible global function definition for 'na.omit'
    Undefined global functions or variables:
     na.omit
    Consider adding
     importFrom("stats", "na.omit")
    to your NAMESPACE file.
Flavors: r-devel-linux-x86_64-debian-clang, r-devel-linux-x86_64-debian-gcc, r-devel-linux-x86_64-fedora-clang, r-devel-linux-x86_64-fedora-gcc, r-devel-windows-ix86+x86_64, r-patched-linux-x86_64, r-patched-solaris-x86, r-release-linux-x86_64, r-release-windows-ix86+x86_64, r-release-osx-x86_64, r-oldrel-windows-ix86+x86_64, r-oldrel-osx-x86_64