Last updated on 2019-04-13 01:58:25 CEST.
Flavor | Version | Tinstall | Tcheck | Ttotal | Status | Flags |
---|---|---|---|---|---|---|
r-devel-linux-x86_64-debian-clang | 1.4-10 | 10.55 | 85.66 | 96.21 | OK | |
r-devel-linux-x86_64-debian-gcc | 1.4-10 | 8.47 | 66.40 | 74.87 | OK | |
r-devel-linux-x86_64-fedora-clang | 1.4-10 | 114.07 | NOTE | |||
r-devel-linux-x86_64-fedora-gcc | 1.4-10 | 108.04 | NOTE | |||
r-devel-windows-ix86+x86_64 | 1.4-10 | 27.00 | 175.00 | 202.00 | OK | |
r-patched-linux-x86_64 | 1.4-10 | 9.68 | 87.45 | 97.13 | OK | |
r-patched-solaris-x86 | 1.4-10 | 163.30 | OK | |||
r-release-linux-x86_64 | 1.4-10 | 6.22 | 83.23 | 89.45 | OK | |
r-release-windows-ix86+x86_64 | 1.4-10 | 24.00 | 121.00 | 145.00 | OK | |
r-release-osx-x86_64 | 1.4-10 | OK | ||||
r-oldrel-windows-ix86+x86_64 | 1.4-10 | 13.00 | 183.00 | 196.00 | OK | |
r-oldrel-osx-x86_64 | 1.4-10 | OK |
Version: 1.4-10
Check: compiled code
Result: NOTE
File ‘tmvtnorm/libs/tmvtnorm.so’:
Found no calls to: ‘R_registerRoutines’, ‘R_useDynamicSymbols’
It is good practice to register native routines and to disable symbol
search.
See ‘Writing portable packages’ in the ‘Writing R Extensions’ manual.
Flavors: r-devel-linux-x86_64-fedora-clang, r-devel-linux-x86_64-fedora-gcc